{"id":755,"date":"2020-07-21T14:27:27","date_gmt":"2020-07-21T14:27:27","guid":{"rendered":"https:\/\/farmaciagiovanni23.it\/?page_id=755"},"modified":"2020-09-29T14:01:39","modified_gmt":"2020-09-29T14:01:39","slug":"autoanalisi","status":"publish","type":"page","link":"https:\/\/farmaciagiovanni23.it\/?page_id=755","title":{"rendered":"AUTOANALISI"},"content":{"rendered":"<div data-colibri-id=\"755-c1\" class=\"style-749 style-local-755-c1 position-relative\">\n  <!---->\n  <div data-colibri-component=\"section\" data-colibri-id=\"755-c2\" id=\"custom\" class=\"h-section h-section-global-spacing d-flex align-items-lg-center align-items-md-center align-items-center style-750 style-local-755-c2 position-relative\">\n    <!---->\n    <!---->\n    <div class=\"h-section-grid-container h-section-boxed-container\">\n      <!---->\n      <div data-colibri-id=\"755-c3\" class=\"h-row-container gutters-row-lg-2 gutters-row-md-2 gutters-row-0 gutters-row-v-lg-2 gutters-row-v-md-2 gutters-row-v-2 style-751 style-local-755-c3 position-relative\">\n        <!---->\n        <div class=\"h-row justify-content-lg-center justify-content-md-center justify-content-center align-items-lg-stretch align-items-md-stretch align-items-stretch gutters-col-lg-2 gutters-col-md-2 gutters-col-0 gutters-col-v-lg-2 gutters-col-v-md-2 gutters-col-v-2\">\n          <!---->\n          <div class=\"h-column h-column-container d-flex h-col-lg-auto h-col-md-auto h-col-auto style-752-outer style-local-755-c4-outer\">\n            <div data-colibri-id=\"755-c4\" class=\"d-flex h-flex-basis h-column__inner h-px-lg-2 h-px-md-2 h-px-2 v-inner-lg-2 v-inner-md-2 v-inner-2 style-752 style-local-755-c4 position-relative\">\n              <!---->\n              <!---->\n              <div class=\"w-100 h-y-container h-column__content h-column__v-align flex-basis-100 align-self-lg-start align-self-md-start align-self-start\">\n                <!---->\n                <div data-colibri-id=\"755-c5\" class=\"h-global-transition-all h-heading style-753 style-local-755-c5 position-relative h-element\">\n                  <!---->\n                  <!---->\n                  <h1 class=\"\">AUTOANALISI<\/h1>\n                <\/div>\n              <\/div>\n            <\/div>\n          <\/div>\n        <\/div>\n      <\/div>\n    <\/div>\n  <\/div>\n  <div data-colibri-component=\"section\" data-colibri-id=\"755-c6\" id=\"overlappable\" class=\"h-section h-section-global-spacing d-flex align-items-lg-center align-items-md-center align-items-center style-754 style-local-755-c6 position-relative\">\n    <!---->\n    <!---->\n    <div class=\"h-section-grid-container h-section-boxed-container\">\n      <!---->\n      <div data-colibri-id=\"755-c7\" class=\"h-row-container gutters-row-lg-2 gutters-row-md-0 gutters-row-2 gutters-row-v-lg-2 gutters-row-v-md-0 gutters-row-v-2 style-755 style-local-755-c7 position-relative\">\n        <!---->\n        <div class=\"h-row justify-content-lg-center justify-content-md-center justify-content-center align-items-lg-stretch align-items-md-stretch align-items-stretch gutters-col-lg-2 gutters-col-md-0 gutters-col-2 gutters-col-v-lg-2 gutters-col-v-md-0 gutters-col-v-2\">\n          <!---->\n          <div class=\"h-column h-column-container d-flex h-col-lg-4 h-col-md-4 h-col-12 style-756-outer style-local-755-c8-outer\">\n            <div data-colibri-id=\"755-c8\" class=\"d-flex h-flex-basis h-column__inner h-px-lg-2 h-px-md-3 h-px-2 v-inner-lg-0 v-inner-md-3 v-inner-2 style-756 style-local-755-c8 position-relative\">\n              <!---->\n              <!---->\n              <div class=\"w-100 h-y-container h-column__content h-column__v-align flex-basis-100 align-self-lg-start align-self-md-start align-self-start\">\n                <!---->\n                <div data-colibri-id=\"755-c9\" class=\"h-icon style-757 style-local-755-c9 position-relative h-element\">\n                  <!----><span class=\"h-svg-icon h-icon__icon style-757-icon style-local-755-c9-icon\"><!--Icon by Font Awesome (https:\/\/fontawesome.com)--><svg version=\"1.1\" xmlns=\"http:\/\/www.w3.org\/2000\/svg\" xmlns:xlink=\"http:\/\/www.w3.org\/1999\/xlink\" id=\"eyedropper\" viewBox=\"0 0 1792 1896.0833\"><path d=\"M1698 94q94 94 94 226.5T1698 546l-225 223 104 104q10 10 10 23t-10 23l-210 210q-10 10-23 10t-23-10l-105-105-603 603q-37 37-90 37H320L64 1792l-64-64 128-256v-203q0-53 37-90l603-603-105-105q-10-10-10-23t10-23l210-210q10-10 23-10t23 10l104 104 223-225q93-94 225.5-94T1698 94zM512 1472l576-576-192-192-576 576v192h192z\"><\/path><\/svg><\/span><\/div>\n                <div\n                  data-colibri-id=\"755-c10\" class=\"h-global-transition-all h-heading style-758 style-local-755-c10 position-relative h-element\">\n                  <!---->\n                  <!---->\n                  <h5 class=\"\">COLESTEROLO<\/h5>\n              <\/div>\n            <\/div>\n          <\/div>\n        <\/div>\n        <div class=\"h-column h-column-container d-flex h-col-lg-4 h-col-md-4 h-col-12 style-756-outer style-local-755-c11-outer\">\n          <div data-colibri-id=\"755-c11\" class=\"d-flex h-flex-basis h-column__inner h-px-lg-2 h-px-md-3 h-px-2 v-inner-lg-0 v-inner-md-3 v-inner-2 style-756 style-local-755-c11 position-relative\">\n            <!---->\n            <!---->\n            <div class=\"w-100 h-y-container h-column__content h-column__v-align flex-basis-100 align-self-lg-start align-self-md-start align-self-start\">\n              <!---->\n              <div data-colibri-id=\"755-c12\" class=\"h-icon style-757 style-local-755-c12 position-relative h-element\">\n                <!----><span class=\"h-svg-icon h-icon__icon style-757-icon style-local-755-c12-icon\"><!--Icon by Font Awesome (https:\/\/fontawesome.com)--><svg version=\"1.1\" xmlns=\"http:\/\/www.w3.org\/2000\/svg\" xmlns:xlink=\"http:\/\/www.w3.org\/1999\/xlink\" id=\"eyedropper\" viewBox=\"0 0 1792 1896.0833\"><path d=\"M1698 94q94 94 94 226.5T1698 546l-225 223 104 104q10 10 10 23t-10 23l-210 210q-10 10-23 10t-23-10l-105-105-603 603q-37 37-90 37H320L64 1792l-64-64 128-256v-203q0-53 37-90l603-603-105-105q-10-10-10-23t10-23l210-210q10-10 23-10t23 10l104 104 223-225q93-94 225.5-94T1698 94zM512 1472l576-576-192-192-576 576v192h192z\"><\/path><\/svg><\/span><\/div>\n              <div\n                data-colibri-id=\"755-c13\" class=\"h-global-transition-all h-heading style-758 style-local-755-c13 position-relative h-element\">\n                <!---->\n                <!---->\n                <h5 class=\"\">TRIGLICERIDI <\/h5>\n            <\/div>\n          <\/div>\n        <\/div>\n      <\/div>\n      <div class=\"h-column h-column-container d-flex h-col-lg-4 h-col-md-4 h-col-12 style-756-outer style-local-755-c14-outer\">\n        <div data-colibri-id=\"755-c14\" class=\"d-flex h-flex-basis h-column__inner h-px-lg-2 h-px-md-3 h-px-2 v-inner-lg-0 v-inner-md-3 v-inner-2 style-756 style-local-755-c14 position-relative\">\n          <!---->\n          <!---->\n          <div class=\"w-100 h-y-container h-column__content h-column__v-align flex-basis-100 align-self-lg-start align-self-md-start align-self-start\">\n            <!---->\n            <div data-colibri-id=\"755-c15\" class=\"h-icon style-757 style-local-755-c15 position-relative h-element\">\n              <!----><span class=\"h-svg-icon h-icon__icon style-757-icon style-local-755-c15-icon\"><!--Icon by Font Awesome (https:\/\/fontawesome.com)--><svg version=\"1.1\" xmlns=\"http:\/\/www.w3.org\/2000\/svg\" xmlns:xlink=\"http:\/\/www.w3.org\/1999\/xlink\" id=\"eyedropper\" viewBox=\"0 0 1792 1896.0833\"><path d=\"M1698 94q94 94 94 226.5T1698 546l-225 223 104 104q10 10 10 23t-10 23l-210 210q-10 10-23 10t-23-10l-105-105-603 603q-37 37-90 37H320L64 1792l-64-64 128-256v-203q0-53 37-90l603-603-105-105q-10-10-10-23t10-23l210-210q10-10 23-10t23 10l104 104 223-225q93-94 225.5-94T1698 94zM512 1472l576-576-192-192-576 576v192h192z\"><\/path><\/svg><\/span><\/div>\n            <div\n              data-colibri-id=\"755-c16\" class=\"h-global-transition-all h-heading style-758 style-local-755-c16 position-relative h-element\">\n              <!---->\n              <!---->\n              <h5 class=\"\">GLICEMIA <\/h5>\n          <\/div>\n        <\/div>\n      <\/div>\n    <\/div>\n  <\/div>\n<\/div>\n<div data-colibri-id=\"755-c17\" class=\"h-row-container gutters-row-lg-2 gutters-row-md-2 gutters-row-0 gutters-row-v-lg-2 gutters-row-v-md-2 gutters-row-v-2 style-760 style-local-755-c17 position-relative\">\n  <!---->\n  <div class=\"h-row justify-content-lg-center justify-content-md-center justify-content-center align-items-lg-stretch align-items-md-stretch align-items-stretch gutters-col-lg-2 gutters-col-md-2 gutters-col-0 gutters-col-v-lg-2 gutters-col-v-md-2 gutters-col-v-2\">\n    <!---->\n    <div class=\"h-column h-column-container d-flex h-col-lg-auto h-col-md-auto h-col-auto style-761-outer style-local-755-c18-outer\">\n      <div data-colibri-id=\"755-c18\" class=\"d-flex h-flex-basis h-column__inner h-px-lg-2 h-px-md-2 h-px-2 v-inner-lg-2 v-inner-md-2 v-inner-2 style-761 style-local-755-c18 position-relative\">\n        <!---->\n        <!---->\n        <div class=\"w-100 h-y-container h-column__content h-column__v-align flex-basis-100 align-self-lg-start align-self-md-start align-self-start\">\n          <!---->\n          <div data-colibri-id=\"755-c19\" class=\"h-global-transition-all h-heading style-762 style-local-755-c19 position-relative h-element\">\n            <!---->\n            <!---->\n            <h4 class=\"\">Basta una piccola quantit\u00e0 di sangue , risultato in pochi minuti.<\/h4>\n          <\/div>\n        <\/div>\n      <\/div>\n    <\/div>\n  <\/div>\n<\/div>\n<div data-colibri-id=\"755-c20\" class=\"h-row-container gutters-row-lg-2 gutters-row-md-2 gutters-row-0 gutters-row-v-lg-2 gutters-row-v-md-2 gutters-row-v-2 style-763 style-local-755-c20 position-relative\">\n  <!---->\n  <div class=\"h-row justify-content-lg-center justify-content-md-center justify-content-center align-items-lg-stretch align-items-md-stretch align-items-stretch gutters-col-lg-2 gutters-col-md-2 gutters-col-0 gutters-col-v-lg-2 gutters-col-v-md-2 gutters-col-v-2\">\n    <!---->\n    <div class=\"h-column h-column-container d-flex h-col-lg-auto h-col-md-auto h-col-auto style-764-outer style-local-755-c21-outer\">\n      <div data-colibri-id=\"755-c21\" class=\"d-flex h-flex-basis h-column__inner h-px-lg-2 h-px-md-2 h-px-2 v-inner-lg-2 v-inner-md-2 v-inner-2 style-764 style-local-755-c21 position-relative\">\n        <!---->\n        <!---->\n        <div class=\"w-100 h-y-container h-column__content h-column__v-align flex-basis-100 align-self-lg-start align-self-md-start align-self-start\">\n          <!---->\n          <div data-colibri-id=\"755-c22\" class=\"h-global-transition-all h-heading style-765 style-local-755-c22 position-relative h-element\">\n            <!---->\n            <!---->\n            <h3 class=\"\">Autoanalisi di prima istanza (su sangue da capillare: Glicemia, Colesterolo totale (TC), Colesterolo HDL, Colesterolo LDL e Trigliceridi)<\/h3>\n          <\/div>\n        <\/div>\n      <\/div>\n    <\/div>\n  <\/div>\n<\/div>\n<div data-colibri-id=\"755-c23\" class=\"h-row-container gutters-row-lg-2 gutters-row-md-2 gutters-row-0 gutters-row-v-lg-2 gutters-row-v-md-2 gutters-row-v-2 style-766 style-local-755-c23 position-relative\">\n  <!---->\n  <div class=\"h-row justify-content-lg-center justify-content-md-center justify-content-center align-items-lg-stretch align-items-md-stretch align-items-stretch gutters-col-lg-2 gutters-col-md-2 gutters-col-0 gutters-col-v-lg-2 gutters-col-v-md-2 gutters-col-v-2\">\n    <!---->\n    <div class=\"h-column h-column-container d-flex h-col-lg-auto h-col-md-auto h-col-auto style-767-outer style-local-755-c24-outer\">\n      <div data-colibri-id=\"755-c24\" class=\"d-flex h-flex-basis h-column__inner h-px-lg-2 h-px-md-2 h-px-2 v-inner-lg-2 v-inner-md-2 v-inner-2 style-767 style-local-755-c24 position-relative\">\n        <!---->\n        <!---->\n        <div class=\"w-100 h-y-container h-column__content h-column__v-align flex-basis-100 align-self-lg-start align-self-md-start align-self-start\">\n          <!---->\n          <div data-colibri-id=\"755-c25\" class=\"h-global-transition-all h-heading style-768 style-local-755-c25 position-relative h-element\">\n            <!---->\n            <!---->\n            <h4 class=\"\">ANALISI DEL PROFILO LIPIDICO<\/h4>\n          <\/div>\n          <div data-colibri-id=\"755-c26\" class=\"h-text h-text-component style-769 style-local-755-c26 position-relative h-element\">\n            <!---->\n            <!---->\n            <div class=\"\">\n              <p>Presso la nostra Farmacia \u00e8 possibile eseguire la valutazione dell\u2019intero PROFILO LIPIDICO che comprende: Glicemia, Colesterolo Totale (TC), Colesterolo HDL, Colesterolo LDL, Trigliceridi.<\/p>\n              <p>La&nbsp;Glicemia&nbsp;\u00e8 la concentrazione di glucosio nel sangue.<\/p>\n              <p>A digiuno, sono considerati normali livelli compresi tra 65 e 110 milligrammi per decilitro (mg\/dL).<\/p>\n              <p>Valori superiori a 110-125 mg\/dL indicano una modesta alterazione da tenere sotto controllo mentre valori superiori a 126 mg\/dL riscontrati ripetutamente possono essere sintomo di diabete mellito.<\/p>\n              <p>Il Colesterolo \u00e8 una sostanza di fondamentale importanza per l\u2019organismo, purch\u00e8 mantenuta entro certi limiti e con una composizione corretta.<\/p>\n              <p>Il&nbsp;Colesterolo Totale (TC)&nbsp;\u00e8 la quantit\u00e0 di tutto il colesterolo nel sangue; pu\u00f2 essere misurato anche non a digiuno.<\/p>\n              <p>Il valore ottimale \u00e8 di massimo 200 mg\/dL.<\/p>\n              <p>Il&nbsp;Colesterolo HDL&nbsp;\u00e8 il Colesterolo \u201cbuono\u201d in quanto tende a eliminare l\u2019eccesso di colesterolo nel sangue.<\/p>\n              <p>Il valore ottimale \u00e8 superiore a 40 mg\/dL.<\/p>\n              <p>Il&nbsp;Colesterolo LDL&nbsp;\u00e8 il Colesterolo \u201ccattivo\u201d che contribuisce alla creazione di depositi sulla parete dei principali vasi con formazione di \u201cplacche\u201d che ne riducono il lume e l\u2019elasticit\u00e0.<\/p>\n              <p>Il valore massimo dovrebbe essere 130 mg\/dL.<\/p>\n              <p>I&nbsp;Trigliceridi&nbsp;sono i veri e propri \u201cgrassi\u201d; si trovano negli alimenti e, dopo un pasto, il loro livello aumenta in modo sensibile. Gradualmente poi, se l\u2019organismo smaltisce efficientemente i grassi, il livello dei trigliceridi\n                diminuisce in poco tempo.<\/p>\n              <p>Il valore ottimale a digiuno non dovrebbe superare i 150 mg\/dL.<\/p>\n              <p>Consigliamo di presentarsi a DIGIUNO, in quanto tra i parametri esaminati vi \u00e8 anche la Glicemia.<\/p>\n              <p>L\u2019esame si effettua con un prelievo di sangue capillare.<\/p>\n              <p>In circa 5 minuti vengono forniti i risultati.<\/p>\n            <\/div>\n          <\/div>\n        <\/div>\n      <\/div>\n    <\/div>\n  <\/div>\n<\/div>\n<div data-colibri-id=\"755-c27\" class=\"h-row-container gutters-row-lg-2 gutters-row-md-2 gutters-row-0 gutters-row-v-lg-2 gutters-row-v-md-2 gutters-row-v-2 style-770 style-local-755-c27 position-relative\">\n  <!---->\n  <div class=\"h-row justify-content-lg-center justify-content-md-center justify-content-center align-items-lg-stretch align-items-md-stretch align-items-stretch gutters-col-lg-2 gutters-col-md-2 gutters-col-0 gutters-col-v-lg-2 gutters-col-v-md-2 gutters-col-v-2\">\n    <!---->\n    <div class=\"h-column h-column-container d-flex h-col-lg-auto h-col-md-auto h-col-auto style-771-outer style-local-755-c28-outer\">\n      <div data-colibri-id=\"755-c28\" class=\"d-flex h-flex-basis h-column__inner h-px-lg-2 h-px-md-2 h-px-2 v-inner-lg-2 v-inner-md-2 v-inner-2 style-771 style-local-755-c28 position-relative\">\n        <!---->\n        <!---->\n        <div class=\"w-100 h-y-container h-column__content h-column__v-align flex-basis-100 align-self-lg-start align-self-md-start align-self-start\">\n          <!---->\n          <div data-colibri-id=\"755-c29\" class=\"h-global-transition-all h-heading style-772 style-local-755-c29 position-relative h-element\">\n            <!---->\n            <!---->\n            <h4 class=\"\">ANALISI DELLA GLICEMIA<\/h4>\n          <\/div>\n          <div data-colibri-id=\"755-c30\" class=\"h-text h-text-component style-773 style-local-755-c30 position-relative h-element\">\n            <!---->\n            <!---->\n            <div class=\"\">\n              <p>E\u2019 possibile effettuare singolarmente l\u2019esame per la valutazione della Glicemia prelevando una piccola quantit\u00e0 di sangue.<\/p>\n              <p>I valori della Glicemia non sono costanti nel tempo perch\u00e9 dipendono dall\u2019assunzione dei cibi, per questo e\u2019 consigliabile sempre eseguire l\u2019esame a DIGIUNO.<\/p>\n              <p>La durata dell\u2019analisi \u00e8 di pochi secondi.<\/p>\n            <\/div>\n          <\/div>\n        <\/div>\n      <\/div>\n    <\/div>\n  <\/div>\n<\/div>\n<div data-colibri-id=\"755-c31\" class=\"h-row-container gutters-row-lg-2 gutters-row-md-2 gutters-row-0 gutters-row-v-lg-2 gutters-row-v-md-2 gutters-row-v-2 style-774 style-local-755-c31 position-relative\">\n  <!---->\n  <div class=\"h-row justify-content-lg-center justify-content-md-center justify-content-center align-items-lg-stretch align-items-md-stretch align-items-stretch gutters-col-lg-2 gutters-col-md-2 gutters-col-0 gutters-col-v-lg-2 gutters-col-v-md-2 gutters-col-v-2\">\n    <!---->\n    <div class=\"h-column h-column-container d-flex h-col-lg-auto h-col-md-auto h-col-auto style-775-outer style-local-755-c32-outer\">\n      <div data-colibri-id=\"755-c32\" class=\"d-flex h-flex-basis h-column__inner h-px-lg-2 h-px-md-2 h-px-2 v-inner-lg-2 v-inner-md-2 v-inner-2 style-775 style-local-755-c32 position-relative\">\n        <!---->\n        <!---->\n        <div class=\"w-100 h-y-container h-column__content h-column__v-align flex-basis-100 align-self-lg-start align-self-md-start align-self-start\">\n          <!---->\n          <div data-colibri-id=\"755-c33\" class=\"h-global-transition-all h-heading style-776 style-local-755-c33 position-relative h-element\">\n            <!---->\n            <!---->\n            <h4 class=\"\">ANALISI DEL COLESTEROLO TOTALE<\/h4>\n          <\/div>\n          <div data-colibri-id=\"755-c34\" class=\"h-text h-text-component style-777 style-local-755-c34 position-relative h-element\">\n            <!---->\n            <!---->\n            <div class=\"\">\n              <p>E\u2019 possibile effettuare singolarmente l\u2019esame per la valutazione del Colesterolo totale prelevando una piccola quantit\u00e0 di sangue.<\/p>\n              <p>Poich\u00e8 i valori del Colesterolo totale non sono influenzati dall\u2019assunzione del cibo, il prelievo pu\u00f2 essere effettuato anche dopo il pasto.<\/p>\n              <p>La durata dell\u2019analisi \u00e8 di pochi minuti.<\/p>\n              <p>\n                <br>\n              <\/p>\n              <p>Una dieta sana ed equilibrata con una corretta ripartizione dei macronutrienti durante la giornata abbinata a una moderata attivit\u00e0 fisica e a una riduzione del fumo e degli alcolici contribuiscono a mantenere entro i limiti i valori e a\n                migliorare le condizioni di vita.<\/p>\n            <\/div>\n          <\/div>\n        <\/div>\n      <\/div>\n    <\/div>\n  <\/div>\n<\/div>\n<\/div>\n<\/div>\n<\/div>","protected":false},"excerpt":{"rendered":"<p>AUTOANALISI COLESTEROLO TRIGLICERIDI GLICEMIA Basta una piccola quantit\u00e0 di sangue , risultato in pochi minuti. Autoanalisi di prima istanza (su sangue da capillare: Glicemia, Colesterolo totale (TC), Colesterolo HDL, Colesterolo LDL e Trigliceridi) ANALISI DEL PROFILO LIPIDICO Presso la nostra Farmacia \u00e8 possibile eseguire la valutazione dell\u2019intero PROFILO LIPIDICO che comprende: Glicemia, Colesterolo Totale (TC), [&hellip;]<\/p>\n","protected":false},"author":1,"featured_media":0,"parent":0,"menu_order":0,"comment_status":"closed","ping_status":"closed","template":"page-templates\/full-width-page.php","meta":[],"yoast_head":"<!-- This site is optimized with the Yoast SEO plugin v15.3 - https:\/\/yoast.com\/wordpress\/plugins\/seo\/ -->\n<title>AUTOANALISI - Farmacia Giovanni XXIII - Rezzato<\/title>\n<meta name=\"robots\" content=\"index, follow, max-snippet:-1, max-image-preview:large, max-video-preview:-1\" \/>\n<link rel=\"canonical\" href=\"https:\/\/farmaciagiovanni23.it\/?page_id=755\" \/>\n<meta property=\"og:locale\" content=\"it_IT\" \/>\n<meta property=\"og:type\" content=\"article\" \/>\n<meta property=\"og:title\" content=\"AUTOANALISI - Farmacia Giovanni XXIII - Rezzato\" \/>\n<meta property=\"og:description\" content=\"AUTOANALISI COLESTEROLO TRIGLICERIDI GLICEMIA Basta una piccola quantit\u00e0 di sangue , risultato in pochi minuti. Autoanalisi di prima istanza (su sangue da capillare: Glicemia, Colesterolo totale (TC), Colesterolo HDL, Colesterolo LDL e Trigliceridi) ANALISI DEL PROFILO LIPIDICO Presso la nostra Farmacia \u00e8 possibile eseguire la valutazione dell\u2019intero PROFILO LIPIDICO che comprende: Glicemia, Colesterolo Totale (TC), [&hellip;]\" \/>\n<meta property=\"og:url\" content=\"https:\/\/farmaciagiovanni23.it\/?page_id=755\" \/>\n<meta property=\"og:site_name\" content=\"Farmacia Giovanni XXIII - Rezzato\" \/>\n<meta property=\"article:modified_time\" content=\"2020-09-29T14:01:39+00:00\" \/>\n<meta name=\"twitter:card\" content=\"summary_large_image\" \/>\n<meta name=\"twitter:label1\" content=\"Scritto da\">\n\t<meta name=\"twitter:data1\" content=\"admin\">\n\t<meta name=\"twitter:label2\" content=\"Tempo di lettura stimato\">\n\t<meta name=\"twitter:data2\" content=\"2 minuti\">\n<script type=\"application\/ld+json\" class=\"yoast-schema-graph\">{\"@context\":\"https:\/\/schema.org\",\"@graph\":[{\"@type\":\"Organization\",\"@id\":\"https:\/\/farmaciagiovanni23.it\/#organization\",\"name\":\"Farmacia Giovanni 23\",\"url\":\"https:\/\/farmaciagiovanni23.it\/\",\"sameAs\":[],\"logo\":{\"@type\":\"ImageObject\",\"@id\":\"https:\/\/farmaciagiovanni23.it\/#logo\",\"inLanguage\":\"it-IT\",\"url\":\"https:\/\/farmaciagiovanni23.it\/wp-content\/uploads\/2020\/02\/logoFarmacia-1.png\",\"width\":567,\"height\":567,\"caption\":\"Farmacia Giovanni 23\"},\"image\":{\"@id\":\"https:\/\/farmaciagiovanni23.it\/#logo\"}},{\"@type\":\"WebSite\",\"@id\":\"https:\/\/farmaciagiovanni23.it\/#website\",\"url\":\"https:\/\/farmaciagiovanni23.it\/\",\"name\":\"Farmacia Giovanni XXIII - Rezzato\",\"description\":\"Ci trovi a Rezzato, in via Giovanni XXIII n\\u00b0 61\",\"publisher\":{\"@id\":\"https:\/\/farmaciagiovanni23.it\/#organization\"},\"potentialAction\":[{\"@type\":\"SearchAction\",\"target\":\"https:\/\/farmaciagiovanni23.it\/?s={search_term_string}\",\"query-input\":\"required name=search_term_string\"}],\"inLanguage\":\"it-IT\"},{\"@type\":\"WebPage\",\"@id\":\"https:\/\/farmaciagiovanni23.it\/?page_id=755#webpage\",\"url\":\"https:\/\/farmaciagiovanni23.it\/?page_id=755\",\"name\":\"AUTOANALISI - Farmacia Giovanni XXIII - Rezzato\",\"isPartOf\":{\"@id\":\"https:\/\/farmaciagiovanni23.it\/#website\"},\"datePublished\":\"2020-07-21T14:27:27+00:00\",\"dateModified\":\"2020-09-29T14:01:39+00:00\",\"inLanguage\":\"it-IT\",\"potentialAction\":[{\"@type\":\"ReadAction\",\"target\":[\"https:\/\/farmaciagiovanni23.it\/?page_id=755\"]}]}]}<\/script>\n<!-- \/ Yoast SEO plugin. -->","_links":{"self":[{"href":"https:\/\/farmaciagiovanni23.it\/index.php?rest_route=\/wp\/v2\/pages\/755"}],"collection":[{"href":"https:\/\/farmaciagiovanni23.it\/index.php?rest_route=\/wp\/v2\/pages"}],"about":[{"href":"https:\/\/farmaciagiovanni23.it\/index.php?rest_route=\/wp\/v2\/types\/page"}],"author":[{"embeddable":true,"href":"https:\/\/farmaciagiovanni23.it\/index.php?rest_route=\/wp\/v2\/users\/1"}],"replies":[{"embeddable":true,"href":"https:\/\/farmaciagiovanni23.it\/index.php?rest_route=%2Fwp%2Fv2%2Fcomments&post=755"}],"version-history":[{"count":4,"href":"https:\/\/farmaciagiovanni23.it\/index.php?rest_route=\/wp\/v2\/pages\/755\/revisions"}],"predecessor-version":[{"id":877,"href":"https:\/\/farmaciagiovanni23.it\/index.php?rest_route=\/wp\/v2\/pages\/755\/revisions\/877"}],"wp:attachment":[{"href":"https:\/\/farmaciagiovanni23.it\/index.php?rest_route=%2Fwp%2Fv2%2Fmedia&parent=755"}],"curies":[{"name":"wp","href":"https:\/\/api.w.org\/{rel}","templated":true}]}}